 - 1611. Is (5/(20/b))/y prime?
True
Let u be (-1 + 11)/(10/215). Suppose 5*w - u + 29 = -2*h, 0 = 3*w - 6. Suppose g - 5*g = -h. Is g a composite number?
True
Suppose 0 = 3*h - 5*s + 162 + 94, -5*h - 2*s - 437 = 0. Let q = h + 670. Is q a prime number?
False
Let h(r) = 14*r**3 + 9*r**2 - 9*r + 1. Is h(5) a composite number?
False
Let d be 11/(8 + -5 - 2). Let v(k) = 163*k - 12. Is v(d) prime?
False
Let q(d) = 512*d**2 + 2*d - 1. Is q(2) prime?
False
Let n = 1 + 5. Suppose 5*w - 8*w = n. Is 28910/182 + w/(-13) a composite number?
True
Let u be (3/4 - 1) + 4725/36. Suppose 2*q - 1779 = -x, q = -2*x + u + 760. Is q a prime number?
False
Let y = 776 - 270. Let b = y + -255. Is b composite?
False
Suppose -4*c + 9*c - 10 = 0. Let j(h) = 2*h**c - h**2 + 3*h - 5 + 3*h**2 - 2 - h**3. Is j(-5) composite?
True
Suppose 2*t + 2011 = -4*p + t, -2*p + t - 1001 = 0. Is 1/(4/(-12)) - p composite?
False
Suppose 0 = 3*u - u + 2*m + 902, -2*u - 5*m - 917 = 0. Is (21 - 20)*u/(-2) composite?
False
Let a = 8681 - 4815. Is a composite?
True
Let u(f) = -11*f - 62 + f**2 + 44 + 33. Is u(-16) a composite number?
True
Is (1355 - -2) + -55 + 55 composite?
True
Suppose 3*p = -3*n - 15, 3*n + 2*p = -0*p - 11. Let m be n/2*2 + 6. Suppose -4315 = -m*c - 0*c. Is c a prime number?
True
Let b(j) = 4*j**3 - 2*j**2 + j - 2. Let v(k) = 5*k**3 - 2*k**2 + k - 3. Let d be -1*(-2 - (-2 - 3)). Let f(o) = d*v(o) + 4*b(o). Is f(4) a composite number?
False
Let n = 3912 - -9600. Suppose 11*i - n = -i. Is i composite?
True
Let p = 44780 - 6751. Is p a prime number?
False
Suppose 4*d = w + 1, -d + 53 = 2*w + 2*d. Suppose w*g = 20*g - 641. Is g a composite number?
False
Let g = 41 - 36. Let n(y) = 192*y + 11. Is n(g) a composite number?
False
Let g = -7 + 9. Suppose 0 = -d + g*d - 121. Is (d/22)/((-2)/(-12)) composite?
True
Let t be 4 - ((-34)/221 - (-264)/26). Is (-4)/t + (-3998)/(-6) prime?
False
Suppose -128*q = -114*q - 1164478. Is q prime?
True
Let g = 12 - -4. Let n = g - 21. Is (-934)/n - 2/(-10) a composite number?
True
Let o = -5 + 5. Suppose 2*a - 32 = -o*v - 5*v, -3*v = -a - 6. Suppose -759 = -4*u + b - a*b, -951 = -5*u - 4*b. Is u a prime number?
True
Suppose -235*c + 227*c + 27176 = 0. Is c prime?
False
Let f(k) = 5*k**2 + 4*k - 5. Let s be -2 - 0 - -28 - 1. Let h = s - 29. Is f(h) a prime number?
True
Let c(r) = r**3 - 7*r**2 + 5*r + 7. Let f be c(6). Is (5 - f) + 249 - (2 + 0) a composite number?
False
Let z = -19 + 21. Suppose z*u = -0*u + 74. Is u composite?
False
Let n = -19 + 7. Let p be n/(-54) - (-454)/(-18). Is (-3 - 0) + (-1 - p) a prime number?
False
Suppose -4*l = -7*l - w + 21720, -5*l = 2*w - 36199. Is l a prime number?
False
Let k(f) be the second derivative of f**6/12 + f**5/120 - f**4/4 - 4*f**3/3 + f. Let r(t) be the second derivative of k(t). Is r(3) composite?
True
Suppose 198183 = 7*o - 358. Is o prime?
False
Let q = -20413 + 35772. Is q composite?
False
Let f(p) = -p**2 + 6*p - 3. Let z be f(4). Is 178*(z/2)/5 a prime number?
True
Let n = 57 - 54. Suppose -2*h = -0*v + 3*v - 19331, -n*h = 5*v - 32219. Is v a prime number?
False
Let b be (-330)/(-70) - 1/(-7)*2. Let a(s) = 24*s**2 - s. Let g be a(-1). Is (-1)/b - (-2180)/g composite?
True
Suppose -6*d + 27449 = -2*d - q, -20598 = -3*d - 3*q. Is d a composite number?
False
Let h(t) = t + 10. Let q be h(-6). Suppose -p + 5 = q. Is 157/(((-1)/(-1))/p) a prime number?
True
Let o(i) = -4*i**3 + 4*i**2 - 4*i + 3. Let h be o(2). Let v be h/14 - (-53)/2. Is 6580/v - (-1)/(-5) prime?
True
Let r(f) = 3*f + 27. Let a be r(-9). Let b(w) = w**3 + w**2 + 1. Let c(p) = 4*p**3 + 6*p**2 - p + 272. Let t(d) = -5*b(d) + c(d). Is t(a) prime?
False
Suppose 15*y - 9542 = 1648. Is y composite?
True
Suppose 0 = -4*z + 3*y - 4*y + 812, 2*z = 2*y + 416. Suppose -z = 4*b - 10*b. Is b a prime number?
False
Let y(p) = 32*p + 2. Let w be y(1). Let x = 69 - w. Is x composite?
True
Let f be (-3 - 4) + (-3)/(-1). Is f/(-4)*127/1 prime?
True
Let b(c) = 6*c - 8. Let j be b(-3). Suppose -2*l - 3*i = -141, -i + 68 = l + 3*i. Let d = j + l. Is d prime?
False
Let w(q) = -q**2 + 13*q - 3. Let z be w(13). Is 1244 - (12/z)/(-4) prime?
False
Suppose -4*q = -i - 64, 2*q = i + 5 + 27. Is q/(-72) - (-19829)/9 composite?
False
Let p be ((-82)/(-1 + -1))/(1/(-9)). Let m = 812 + p. Is m prime?
True
Let z be 1 + -1 + (1 - 1). Suppose 2 = -2*x + x + 2*d, -x + 5*d - 8 = 0. Suppose -x*r + 7 + 19 = z. Is r prime?
True
Let d = 93 - 86. Suppose -2*p + 2*l + 6 = d*l, p = 3*l + 25. Is p a prime number?
True
Let z be (1 - 0)*-2 + 8 + -2. Suppose 5*l - 4294 = q, -l - z*q + 863 = -0*q. Is l prime?
True
Is (1/3)/(-5*8/(-144120)) prime?
True
Let j(g) = -g**3 + 301. Suppose 0 = -4*x - 2*q + q + 2, -10 = 3*x - 5*q. Is j(x) prime?
False
Let g be (1 + -2)/(-4 - -3). Suppose -g = x - 5. Suppose -4*r = -x*u - 816, -4*u = -3*u + 5. Is r prime?
True
Let s = 42566 + -23285. Is s prime?
False
Suppose 0 = 4*x + 4*b + 10683 - 34951, 0 = -5*b. Is x a prime number?
True
Suppose -10 = -6*w + 4*w - 2*c, 20 = -3*w + 4*c. Suppose w = -5*h + 307 + 1228. Is h a prime number?
True
Suppose 12*s - 3*s - 19503 = 0. Is s prime?
False
Let m(w) = 622*w**2 - 32*w + 5. Is m(7) prime?
True
Is (-1)/((-6482)/(-3242) + -2) prime?
True
Suppose -3*l = -4*a - 2*l + 37088, -4*a + 37096 = -3*l. Is a prime?
False
Suppose 4126 = 2*h - 12168. Is h prime?
True
Let j = -75 - -79. Suppose j*c - 2108 - 17336 = 0. Is c prime?
True
Let r(o) = 57*o + 1 + 0*o + 45*o. Let q be r(1). Let s = q - -46. Is s a composite number?
False
Let p(d) = d**3 + 22*d**2 + 23*d + 45. Let n be p(-21). Suppose n*s - 15064 = -5*s. Is s a composite number?
True
Suppose y + 6 = 2. Is ((-6)/y)/((-57)/(-195814)) prime?
True
Suppose 2 + 7 = -3*x, -754 = -u + 3*x. Suppose -u = -4*b - 3*v, 2*b - 372 = -v - v. Is b prime?
False
Let t be 5*7/((-105)/(-18)). Let a(v) = t*v - 5 + 5*v + 7*v. Is a(7) a prime number?
False
Let b(t) = -23*t**3 - 2*t**2 - 19*t - 5. Is b(-9) a composite number?
True
Let i(z) = -5*z**3 + 3*z**2 + 5*z - 3. Let u(k) = -6*k**3 + 3*k**2 + 6*k - 4. Let m(t) = 7*i(t) - 6*u(t). Let b = 0 + -3. Is m(b) a prime number?
False
Let h be (9140/(-10))/(2/(-4)). Suppose 0 = 6*t - h - 2174. Is t a prime number?
False
Suppose 3 + 0 = -3*c + 3*l, l + 2 = 2*c. Suppose 0 = -2*j - 4*g + 232, 0 = -c*j + 5*j + 2*g - 232. Let r = -29 + j. Is r a prime number?
False
Suppose 3*d - 6 = h - 0*h, -9 = 3*d + 4*h. Let m be -1 - 1 - (4 - d). Is m/(1*(-3)/33) a composite number?
True
Let g = 395 + 328. Let t = g + -265. Is t composite?
True
Let g = 15564 + -8971. Is g prime?
False
Suppose 5*a - 12 = 6*a - 3*j, -3*j = 3*a - 24. Suppose 0 = -3*t + 2*n + 1703, -3*t + n = a*n - 1687. Is t a prime number?
False
Let x(p) be the first derivative of -21*p**2/2 - 11*p - 16. Is x(-6) prime?
False
Suppose 5 = y, r - 19899 - 22461 = -5*y. Is r composite?
True
Let g = 8 + -3. Suppose 0*d - g*d - 5*c + 1300 = 0, 5*c = -2*d + 529. Is d a prime number?
True
Is (4712730/(-231))/((-4)/14) prime?
False
Let j be -55 + -6*(8/(-6))/4. Let p = 96 + j. Is p a prime number?
True
Let j(u) = 17*u**2 - 19*u + 25. Is j(-17) prime?
True
Let f be (10790/(-10))/(1*(1 + -2)). Let u = f + -700. Is u a prime number?
True
Let k(a) = 29*a**2 + 23*a - 25. Is k(14) composite?
False
Suppose -2573 - 17957 = -2*w. Is w a composite number?
True
Is ((-92)/(-368))/((-2)/(-279768)) a prime number?
False
Suppose 2*m - 2*z - 2049 = 3101, m - 2583 = -z. Is m a composite number?
False
Suppose -2*l + 4*m = -482, -l = -10*m + 15*m - 220. Is l a prime number?
False
Suppose l - 4220 = -4*l. Suppose -92*j = -88*j - l. Is j prime?
True
Let j be 14/21 + 2/(-3). Suppose j = -5*c - 0*c + 655. Is c prime?
True
Suppose -12826 - 4986 = -2*r - 2*p, 4*r - 35630 = 2*p. Is r a composite number?
True
Let b(s) = -3*s**2 + 1 - 12*s + 208*s**3 + 10*s + 5*s**2. Is b(1) prime?
False
Let c(p) = 44*p**3 - p**2 - 3*p + 5. Let l be c(3). Suppose -l - 9030 = 5*y. Is y/(-52)*(27 + 1) a composite number?
True
Let o = 42 - -39. Suppose -2*z + 833 = -x, 3*z + 5*x - 1201 - o = 0. Is z a composite number?
False
Let k = -19 + 7. Let w be (k + 15)*(-5)/3. Is 1037/4 - w/(-20) prime?
False
Let r(v) = 7*v**2 - 35*v - 43. Is r(-16) prime?
True
Suppose -20 = -3*h - 11. Suppose -4*j - 4*r = -h*j - 251, 0 = j - 4*r - 291. Is j composite?
F